est common factor of 48 and l?
8
Let q = -18 - -27. Suppose 0 = 4*b - p - 0 - 28, 4*p = 2*b - 28. Suppose r = -b + 24. Calculate the greatest common divisor of r and q.
9
Let w(p) = 36*p**2 - 13*p - 1. Let y be w(-1). Calculate the greatest common factor of 12 and y.
12
Let w be (21/14)/(6/(-44)). Suppose -4*m = 5*l + 13, 0 = -5*m + 2*l - 4*l + 5. Let s = m - w. What is the greatest common factor of s and 84?
14
Let l be (-1)/5 - 241/(-5). Calculate the highest common divisor of l and 6.
6
Let s(f) = 13*f - 13. Let k be s(10). What is the highest common factor of 13 and k?
13
Suppose t = 9 - 0. What is the greatest common divisor of 1 and t?
1
Let p = 11 - -1. Suppose -4*j = -8*j + p. Calculate the greatest common divisor of j and 2.
1
Let m(x) = -x**3 + 6*x**2 - 6*x + 6. Let w be m(4). Let d be 2/3 + 40/12. Suppose d*g - 115 - 109 = 0. Calculate the highest common divisor of g and w.
14
Let v = -5 + -35. Let d be v*(-1)/(-2)*-2. Let u be 2/(-4) - 42/(-4). What is the highest common factor of u and d?
10
Let x be -3 - ((-3)/3 + -14). Let d(v) = 2*v**2 - 2. Suppose 0 = b - 5. Let u be d(b). Calculate the greatest common divisor of u and x.
12
Let f be ((-5)/3)/((-1)/15). Let n(x) = -x**3 + 4*x**2 + x + 1. Let i be (-2 + (-8)/(-3))*6. Let t be n(i). Calculate the highest common divisor of f and t.
5
Suppose -9*v + 5*v = -60. What is the greatest common divisor of v and 3?
3
Let m = 25 + -4. What is the greatest common divisor of 7 and m?
7
Let a be 660/2*28/21. What is the greatest common factor of 40 and a?
40
Let z = 21 - 15. Suppose 5*g + 4*p = 12, z*p - 3*p - 9 = 2*g. Suppose -f - 14 + 49 = g. What is the highest common divisor of f and 5?
5
Let c(a) be the first derivative of -2*a**4 + 2*a**3/3 - a - 3. Let f be c(-1). Calculate the greatest common divisor of 9 and f.
9
Suppose -3*l + 4 = -2*l. Calculate the greatest common factor of 20 and l.
4
Let i be 14 - (-6)/(3 + -1). What is the highest common divisor of i and 34?
17
Suppose -6*r = -7*r + 72. Calculate the highest common factor of r and 36.
36
Suppose 2*y + 5 = 25. Calculate the greatest common divisor of y and 5.
5
Let i be (1 + 0 + -2)*-5. Suppose 0*t - 5*x + 825 = 5*t, i*t = 5*x + 875. Calculate the greatest common divisor of t and 17.
17
Let o be (44/6)/(24/108). What is the greatest common divisor of o and 363?
33
Let d = -88 + 89. What is the highest common divisor of d and 5?
1
Let d be (2046/55)/((-3)/(-10)). Let x = 208 - d. Calculate the greatest common divisor of x and 12.
12
Suppose 9 = -5*q + 29. Suppose -70 = 3*r + 2*r. Let y be q/2 - r/1. What is the greatest common divisor of y and 128?
16
Suppose -5*m = 88 - 213. Calculate the greatest common divisor of 50 and m.
25
Suppose -8*a + 8 = -4*a. Let f = 10 + -2. Suppose 0*k - a*k = -f. Calculate the highest common divisor of 16 and k.
4
Let x = -3 - -11. Let c = -8 + 20. What is the greatest common factor of c and x?
4
Let v = -10 + 50. Calculate the greatest common factor of 8 and v.
8
Let k = -404 + 569. Calculate the highest common factor of 15 and k.
15
Let g(r) = r + 4*r**2 + 7 - 2 - 3. Suppose 2*w + 1 + 3 = 0. Let l be g(w). Calculate the greatest common factor of 40 and l.
8
Suppose 0*z - 5*x = -4*z + 49, -z + 16 = -2*x. Calculate the highest common factor of 21 and z.
3
Suppose -j + 4 = -3*r - 1, -4*j - 5*r + 37 = 0. Suppose -4 = 5*h - 2*z - 58, 15 = 5*z. What is the highest common factor of h and j?
4
Let w = 1 + -2. Let y = w + 0. Let i be 26*(y + 1 + 1). What is the highest common divisor of 13 and i?
13
Let k be 1782/44 - (-2)/(-4). What is the highest common divisor of k and 5?
5
Let i(a) = -a**3 - a**2 + 2*a - 3. Let h be i(-3). What is the highest common factor of h and 63?
9
Let l be 162/8 - 3/(-4). Suppose 6 - 20 = -2*p. Calculate the highest common divisor of l and p.
7
Suppose -8*y + 42 = -y. What is the greatest common divisor of y and 42?
6
Let q be (-625)/(-7) + (-2)/7. Let j = q - 130. Let r = j + 63. Calculate the highest common divisor of r and 2.
2
Let t(s) = 4*s**2 - 1. Let v be t(-1). What is the highest common factor of v and 15?
3
Let w be (-54)/24*(-40)/2. Let l = w - -3. Calculate the greatest common divisor of l and 12.
12
Let c(t) = t**2 - 2*t - 5. Let f be c(5). Calculate the highest common divisor of 10 and f.
10
Let w be (-2)/6 + (-2)/(-6). Suppose 2*x + 4*k - 26 = w, 0 = 3*x - k - 0*k - 46. Calculate the greatest common divisor of 6 and x.
3
Suppose -1 = 2*p - 3. Let q = p + 3. Suppose q*y - 3*f - 28 = 0, y - 12 = -4*f + 6*f. What is the greatest common divisor of y and 28?
4
Suppose -5*q + 25 = l, l - 6*l - 2*q + 102 = 0. Calculate the greatest common factor of 4 and l.
4
Let s(k) = k**2 + 7*k + 3. Let w be s(-7). Suppose -5*y = g - 6*g, -2*y + w*g = 0. Suppose -3*r + 2*r + 11 = y. What is the highest common divisor of 77 and r?
11
Let w(t) = -3*t + t - 1 - 18*t**2 - 2*t**3 + 4*t + 17*t**2. Let y be w(-2). What is the highest common divisor of y and 35?
7
Let g = 1 + -1. Let y(a) = 2 + a**3 - a**2 + g*a + 1 - 4*a - 8. Let n be y(4). Calculate the greatest common divisor of 9 and n.
9
Suppose -4*c = -c - 9. Suppose 2*v - 70 = -c*v. Let u be 100 + 0 - (1 + 1). What is the greatest common factor of u and v?
14
Let x(p) = -4*p**3 - p**2 - p. Let v be x(-3). Suppose a = f - 112, f + 8*a - 4*a = v. Calculate the highest common factor of f and 10.
10
Suppose 0 = 2*i - 0*i + 5*q - 72, q - 144 = -4*i. Suppose -4*z = -8, -2*d + 4*z + 10 = -0. What is the greatest common divisor of d and i?
9
Let a(v) = 2*v**2 + 2*v - 12. Let o be a(5). Let r be 12/9*(-18)/(-4). What is the highest common factor of o and r?
6
Suppose 0 = -2*u + 4*k - 7 + 19, -5*k = u + 1. What is the greatest common divisor of u and 8?
4
Let j = 16 - -20. What is the greatest common divisor of 24 and j?
12
Let p(k) = k + 8. Let r be p(-6). Suppose -3 = r*g + y - 9, 4*y - 20 = -4*g. Let h be (-9 + 11)/(g/9). Calculate the greatest common divisor of 126 and h.
18
Let v be -2 + 1 - 30/(-2). Calculate the greatest common factor of v and 2.
2
Let v(x) = 3*x - 2. Let a be v(2). Suppose 3*d + 2 = a*d. Suppose 0 = -w - d*w + 15. What is the highest common factor of 55 and w?
5
Let f be (-5)/(15/(-9))*11. Calculate the highest common divisor of 3 and f.
3
Let y = 22 + -13. Let k be 2 - -5 - (7 + -6). Calculate the highest common divisor of k and y.
3
Suppose -5*s = -0*s - 385. Calculate the highest common divisor of 7 and s.
7
Suppose -5*o = -5*g, g - 3*g = -6. Calculate the highest common divisor of 1 and o.
1
Suppose 4*k + 2*l = 4*l + 62, -4*k + 52 = -4*l. Calculate the greatest common factor of k and 12.
6
Suppose w - 5*w = -244. Suppose -4*m = 13 - w. Suppose -j - m = -2*j. Calculate the highest common divisor of j and 108.
12
Suppose 2*s = -3*s. Suppose -r + 2*r - 3 = s. Suppose -4*u + 5*w = -180, -r*u + 4*w + 23 = -112. Calculate the highest common factor of u and 9.
9
Let t be -4 - 0 - (22 - 34). What is the highest common divisor of t and 64?
8
Let c(x) = x**3 - 11*x**2 + x + 3. Let n be c(11). Calculate the highest common factor of 112 and n.
14
Let t = 4 - 1. Suppose 20 = 4*u, -5*u + 7 - 2 = -4*g. Suppose 2 - 5 = n - g*f, t*n + 3*f = 9. Calculate the highest common divisor of n and 10.
2
Suppose -7*n + 4*n - 306 = -k, -2*n = -3*k + 939. Suppose -5*d - k = -4*c - 4*d, -2*d + 90 = c. What is the highest common factor of 8 and c?
8
Let v(f) be the third derivative of 17*f**5/60 - f**3/6 - 3*f**2. Let w be v(-1). What is the highest common divisor of w and 176?
16
Let z be 29 + -23 + (-2)/(2/(-3)). Calculate the greatest common factor of 9 and z.
9
Suppose 5*j = -2*q + q + 376, 4*j - 3*q = 316. Let m = j + -40. Calculate the highest common divisor of m and 9.
9
Let w(h) = -71*h**3 + h**2. Let l be w(1). Let f = 90 + 28. Let i = l + f. What is the greatest common factor of i and 32?
16
Let s(c) = c**3 + c - 2. Let d be s(2). Let q = d + -6. Suppose 0 = -3*p - 9, 0 = 3*k + 3*p + 2*p + 9. What is the greatest common factor of q and k?
2
Let q(n) = 2*n - 2. Let s be q(7). Let x = -6 - -10. Suppose -x - 2 = -2*w. Calculate the highest common factor of s and w.
3
Let c = -122 + 227. What is the highest common divisor of c and 15?
15
Let h(o) = o**2 - 3*o - 4. Let c be h(-3). Suppose -5*k + 26 = q, 4*q - 129 + 41 = -4*k. Calculate t